 6, what is -350222 + 2024?
-344154
In base 8, what is 105346 + 30424?
135772
In base 4, what is -11 + -112100333331?
-112101000002
In base 2, what is -1100100100 - -101111001000?
100010100100
In base 12, what is 174 - -87267?
8741b
In base 5, what is 144 + -2034201411?
-2034201212
In base 5, what is 4 + 104041331?
104041340
In base 7, what is 26552621 + -3?
26552615
In base 10, what is 4 + 5717809?
5717813
In base 13, what is 65b8096 + -1?
65b8095
In base 7, what is 4450625 + -6?
4450616
In base 8, what is 370632753 - 0?
370632753
In base 12, what is -559341 + 12?
-55932b
In base 2, what is 111 + 11110100110001101000101?
11110100110001101001100
In base 10, what is 35513 - -18?
35531
In base 9, what is -2 + 13174233?
13174231
In base 4, what is -2303310 - 131301?
-3101211
In base 12, what is -22535 + -387b?
-261b4
In base 16, what is -3 + 3ddb820?
3ddb81d
In base 16, what is -3a031 - 12?
-3a043
In base 7, what is 13 - 5450534?
-5450521
In base 11, what is -a5a8 - 91?
-a689
In base 13, what is -16b44 - -8bc?
-16255
In base 12, what is -132b + -4b44?
-6273
In base 16, what is 2609 - -126?
272f
In base 16, what is -2062e63 + 4?
-2062e5f
In base 16, what is 36fa0c + 5?
36fa11
In base 7, what is 2016515130 + 4?
2016515134
In base 13, what is 5256 + -3a6?
4b80
In base 12, what is 56474 + 275?
56729
In base 11, what is 491 - -66310?
667a1
In base 3, what is -110 - -10220101112?
10220101002
In base 9, what is -1526 + -80186?
-81723
In base 10, what is -49435 + -151?
-49586
In base 4, what is 23 + 1111130012310?
1111130012333
In base 14, what is 2791 + -7cb?
1da4
In base 11, what is 0 - -4274475?
4274475
In base 12, what is 54 - -137163a?
1371692
In base 12, what is 640 + 9594?
a014
In base 9, what is 3742 + -44?
3687
In base 2, what is -1001011000100110 + 10101001101?
-1001000011011001
In base 12, what is -6255 - -249?
-6008
In base 6, what is 3 + 222441500?
222441503
In base 7, what is -52 + -105415?
-105500
In base 7, what is 2 - 43620152?
-43620150
In base 4, what is 200113130 + -113?
200113011
In base 15, what is 0 - 3644333?
-3644333
In base 2, what is 10 + 1111100010110110100110100001?
1111100010110110100110100011
In base 3, what is 22 - -100222010111200?
100222010111222
In base 11, what is -101a9442 + -3?
-101a9445
In base 9, what is -68 + -11611776?
-11611855
In base 14, what is 2429769c - 5?
24297697
In base 9, what is -3203633 - 1?
-3203634
In base 11, what is -4616a - 160?
-4631a
In base 13, what is 89 - -1548a58?
1548b14
In base 10, what is -3 - -20818258?
20818255
In base 14, what is -3d + 1722d?
171d0
In base 13, what is 1cc588c - 0?
1cc588c
In base 9, what is 43814 - 12622?
31182
In base 9, what is 621871 + 268?
622250
In base 16, what is -417db7 - 14?
-417dcb
In base 15, what is -47 - 4326b?
-432b3
In base 10, what is -113398 + -159?
-113557
In base 8, what is 7051 + -43611?
-34540
In base 14, what is 5d + b041?
b0a0
In base 16, what is 2eed + 20b?
30f8
In base 9, what is 2 + -13045632?
-13045630
In base 15, what is -1 - 13c8e3?
-13c8e4
In base 10, what is -4 + -1066181?
-1066185
In base 4, what is -211110 + -12130213?
-13001323
In base 13, what is -9138 + 221a?
-6c1b
In base 6, what is 4224214433 + 35?
4224214512
In base 12, what is 1a52a4 - 196?
1a510a
In base 7, what is 306354 - 1535?
304516
In base 6, what is -2 + 55441250?
55441244
In base 15, what is -3 - -38c102?
38c0ee
In base 7, what is 2050526045 + -4?
2050526041
In base 3, what is -101022122221101220 + 11?
-101022122221101202
In base 8, what is -25734 + 5266?
-20446
In base 6, what is 3534523 + -3334?
3531145
In base 7, what is -420032 - -103?
-416626
In base 9, what is 78487607 - 0?
78487607
In base 16, what is -1496 - 5e4e?
-72e4
In base 4, what is 1120020030123120 - 11?
1120020030123103
In base 3, what is 1010220121101 - 11?
1010220121020
In base 8, what is 5412 + -1723?
3467
In base 8, what is -102 - 372522?
-372624
In base 10, what is 11327160 - 4?
11327156
In base 5, what is -423102330 + 1210?
-423101120
In base 16, what is 0 - -17613398?
17613398
In base 8, what is 3261 - -171531?
175012
In base 14, what is -51a8 + 1406?
-3ba2
In base 14, what is -3c75868 + 0?
-3c75868
In base 13, what is 12 + 779ab?
779c0
In base 5, what is 3402403013 - 4?
3402403004
In base 6, what is 1310510153 + 4?
1310510201
In base 9, what is 168721 + 321?
170142
In base 13, what is -1203 + 18b?
-1045
In base 13, what is 7967c91 + -3?
7967c8b
In base 13, what is -4144 - 12373?
-164b7
In base 9, what is 4002 - -3242?
7244
In base 11, what is -7 + -1740863?
-174086a
In base 16, what is 23c - -bd6e?
bfaa
In base 2, what is 1010111100 - 10001000111110100?
-10000111100111000
In base 10, what is 20 - -6213163?
6213183
In base 9, what is 485005 + 45?
485051
In base 2, what is -10010 + 1001000000000111011?
1001000000000101001
In base 16, what is -7ab7e8 - -5?
-7ab7e3
In base 9, what is -1738574 + -22?
-1738606
In base 10, what is -53810 + -760?
-54570
In base 2, what is 101010100101101010010 + -10011?
101010100101100111111
In base 6, what is 3 - -1422040111?
1422040114
In base 16, what is 30 + 4363?
4393
In base 15, what is -5 - -53b8c79?
53b8c74
In base 6, what is 34 - 534543120?
-534543042
In base 9, what is 7858787 - -7?
7858805
In base 2, what is -11011101110010111101001100100 - -10?
-11011101110010111101001100010
In base 3, what is -101 - 10010222100101020?
-10010222100101121
In base 4, what is -1 + -30333311202002?
-30333311202003
In base 9, what is -86102113 - -3?
-86102110
In base 9, what is 5 + 17770806?
17770812
In base 11, what is -750 - -31271?
30621
In base 4, what is -21 - 12233331323?
-12233332010
In base 7, what is -4 - 253424534?
-253424541
In base 4, what is -2 + 23002022203?
23002022201
In base 16, what is -79 - 198e9?
-19962
In base 2, what is 11000010111 + -1010111011010?
-111111000011
In base 8, what is 272770 + 27?
273017
In base 5, what is -11421 - 1012320?
-1024241
In base 13, what is -531850c - -5?
-5318507
In base 12, what is -19089759 + -5?
-19089762
In base 12, what is -27 + -100b3b?
-100b66
In base 7, what is 20142 - 63111?
-42636
In base 10, what is 3560108 - 5?
3560103
In base 15, what is -1250 - -4e64?
3c14
In base 12, what is 26b87521 - -5?
26b87526
In base 10, what is -99 - 2135938?
-2136037
In base 4, what is -10 + 1110313?
1110303
In base 2, what is -1000110000 + -11000011001010001?
-11000100010000001
In base 13, what is 69 + 8b57a2?
8b583b
In base 4, what is 2233 + -11310301?
-11302002
In base 15, what is 4 + 17b48e?
17b493
In base 15, what is 5 - -aca5d?
aca63
In base 16, what is -966 + 89d1?
806b
In base 2, what is 1001011100101101100001 - 101?
1001011100101101011100
In base 10, what is -5229010 - 1?
-5229011
In base 9, what is 2 - -64572451?
64572453
In base 8, what is 2056011 + 735?
2056746
In base 16, what is 8970 + -f8?
8878
In base 13, what is -1a - 598974?
-598991
In base 15, what is -332 - cbc6?
-d008
In base 12, what is -4 + -b32691?
-b32695
In base 13, what is 1 - -23128ca?
23128cb
In base 9, what is -10687 - -2200?
-7487
In base 15, what is a6 - -1dcca?
1dd81
In base 13, what is 1487939 - 4?
1487935
In base 3, what is -21100022 - -10122001?
-10201021
In base 11, what is -8a1131939 + -4?
-8a1131942
In base 2, what is 1000101111110111001 + 11111?
1000101111111011000
In base 5, what is 11412234301 + -1030?
11412233221
In base 6, what is 1 - 1130041113?
-1130041112
In base 14, what is 23a - -d2?
32c
In base 7, what is 36 - 53111620?
-53111551
In base 2, what is 10011011010000100 - -1111111101100?
10101011001110000
In base 16, what is a13aa68 - -5?
a13aa6d
In base 9, what is -832 - -13504?
12562
In base 2, what is -10010101101111110111001001 - -100?
-10010101101111110111000101
In base 9, what is -155741 + 2150?
-153581
In base 7, what is 0 - 62200462?
-62200462
In base 14, what is 485765 + -7?
48575c
In base 12, what is -4 - -13a654a?
13a6546
In base 7, what is -233 - 321621?
-322154
In base 4, what is 3100222011 + -32232?
3100123113
In base 7, what is 60 - -122013421?
122013511
In base 3, what is -1 + -1200011000121012?
-1200011000121020
In base 9, what is -55803827 - -10?
-55803817
In base 12, what is -a9a - 280706?
-2815a4
In base 12, what is 8 - 4366b0?
-4366a4
In base 13, what is 2c2ab9 - -2?
2c2abb
In base 14, what is d981 - -8c?
da2d
In base 6, wh